{"id":1067,"date":"2013-03-16T03:35:22","date_gmt":"2013-03-16T02:35:22","guid":{"rendered":"http:\/\/mamtre.fr\/?page_id=1067"},"modified":"2022-12-20T19:52:08","modified_gmt":"2022-12-20T18:52:08","slug":"cam-ta","status":"publish","type":"page","link":"https:\/\/mamtre.fr\/?page_id=1067","title":{"rendered":"C\u1ea3m T\u1ea1"},"content":{"rendered":"<p><em><strong><a href=\"https:\/\/mamtre.fr\/wp-content\/uploads\/2013\/03\/roses-rouges.jpg\"><img decoding=\"async\" loading=\"lazy\" class=\"aligncenter size-thumbnail wp-image-1229\" alt=\"roses-rouges\" src=\"https:\/\/mamtre.fr\/wp-content\/uploads\/2013\/03\/roses-rouges-150x150.jpg\" width=\"150\" height=\"150\" \/><\/a>C\u1ea3m \u01a1n qu\u00fd b\u00e1c c\u00f4 ch\u00fa, qu\u00fd anh ch\u1ecb<\/strong><\/em><\/p>\n<p><em><strong>Qu\u00fd em, qu\u00fd b\u1ea1n, v\u00e0 c\u00e1c b\u00e9 thi\u1ebfu nhi<\/strong><\/em><\/p>\n<p><em><strong>T\u1eebng<\/strong><strong> tham gia nhi\u1ec1u, hay\u00a0<b>d\u00f9<\/b> \u0111\u00f3ng g\u00f3p m\u1ed9t t\u00ed<\/strong><\/em><\/p>\n<p><em><b>T\u1eeb l\u00fac M\u1ea7m Tr\u1ebb ch\u1eadp ch\u1eefng trong nh\u1eefng b\u01b0\u1edbc \u0111i <\/b><\/em><\/p>\n<p><span style=\"font-size: 12px; color: #ff0000;\"><em><strong>Th\u00eam m\u1ed9t s\u1ef1 hi\u1ec7n di\u1ec7n l\u00e0 <em><strong>c\u00f3<\/strong><\/em> th\u00eam m\u1ed9t ni\u1ec1m vui<\/strong><\/em><\/span><\/p>\n<p><span style=\"font-size: 12px; color: #ff0000;\"><em><strong>Th\u00eam m\u1ed9t tham gia th\u00ec H\u1ed9i c\u00f3 th\u00eam m\u1ed9t s\u1ee9c m\u1ea1nh<\/strong><\/em><\/span><\/p>\n<p><span style=\"color: #ff0000;\"><strong>Xin ch\u00e2n th\u00e0nh c\u00e1m \u01a1n nh\u1eefng m\u1ea1nh th\u01b0\u1eddng qu\u00e2n v\u00e0\u00a0nh\u1eefng\u00a0ng\u01b0\u1eddi tham gia<\/strong><\/span><\/p>\n<p><strong><em>M\u1ea7m Tr\u1ebb<\/em><br \/>\n<\/strong><\/p>\n","protected":false},"excerpt":{"rendered":"<p>C\u1ea3m \u01a1n qu\u00fd b\u00e1c c\u00f4 ch\u00fa, qu\u00fd anh ch\u1ecb Qu\u00fd em, qu\u00fd b\u1ea1n, v\u00e0 c\u00e1c b\u00e9 thi\u1ebfu nhi T\u1eebng tham gia nhi\u1ec1u, hay\u00a0d\u00f9 \u0111\u00f3ng g\u00f3p m\u1ed9t t\u00ed T\u1eeb l\u00fac M\u1ea7m Tr\u1ebb ch\u1eadp ch\u1eefng trong nh\u1eefng b\u01b0\u1edbc \u0111i Th\u00eam m\u1ed9t s\u1ef1 hi\u1ec7n di\u1ec7n l\u00e0 c\u00f3 th\u00eam m\u1ed9t ni\u1ec1m vui Th\u00eam m\u1ed9t tham gia th\u00ec H\u1ed9i c\u00f3 [&hellip;]<\/p>\n","protected":false},"author":2,"featured_media":0,"parent":1057,"menu_order":1,"comment_status":"closed","ping_status":"closed","template":"","meta":[],"_links":{"self":[{"href":"https:\/\/mamtre.fr\/index.php?rest_route=\/wp\/v2\/pages\/1067"}],"collection":[{"href":"https:\/\/mamtre.fr\/index.php?rest_route=\/wp\/v2\/pages"}],"about":[{"href":"https:\/\/mamtre.fr\/index.php?rest_route=\/wp\/v2\/types\/page"}],"author":[{"embeddable":true,"href":"https:\/\/mamtre.fr\/index.php?rest_route=\/wp\/v2\/users\/2"}],"replies":[{"embeddable":true,"href":"https:\/\/mamtre.fr\/index.php?rest_route=%2Fwp%2Fv2%2Fcomments&post=1067"}],"version-history":[{"count":35,"href":"https:\/\/mamtre.fr\/index.php?rest_route=\/wp\/v2\/pages\/1067\/revisions"}],"predecessor-version":[{"id":2447,"href":"https:\/\/mamtre.fr\/index.php?rest_route=\/wp\/v2\/pages\/1067\/revisions\/2447"}],"up":[{"embeddable":true,"href":"https:\/\/mamtre.fr\/index.php?rest_route=\/wp\/v2\/pages\/1057"}],"wp:attachment":[{"href":"https:\/\/mamtre.fr\/index.php?rest_route=%2Fwp%2Fv2%2Fmedia&parent=1067"}],"curies":[{"name":"wp","href":"https:\/\/api.w.org\/{rel}","templated":true}]}}