{"id":1299,"date":"2013-03-21T20:27:42","date_gmt":"2013-03-21T19:27:42","guid":{"rendered":"http:\/\/mamtre.fr\/?page_id=1299"},"modified":"2013-03-23T09:07:50","modified_gmt":"2013-03-23T08:07:50","slug":"nho-ngoai","status":"publish","type":"page","link":"https:\/\/mamtre.fr\/?page_id=1299","title":{"rendered":"NGO\u1ea0I"},"content":{"rendered":"<p align=\"center\"><strong>T\u1eeb khi ra \u0111i<\/strong><\/p>\n<p align=\"center\"><strong>V\u0129nh bi\u1ec7t qu\u00ea nh\u00e0<\/strong><\/p>\n<p align=\"center\"><strong>Nhi\u1ec1u n\u0103m \u0111\u00e3 qua<\/strong><\/p>\n<p align=\"center\"><strong>Bao l\u1ea7n mai n\u1edf<\/strong><\/p>\n<p align=\"center\"><strong>Khi ch\u00fang con \u0111i<\/strong><\/p>\n<p align=\"center\"><strong>G\u00e2y nh\u1edb ngo\u1ea1i gi\u00e0<\/strong><\/p>\n<p align=\"center\"><strong>Ng\u01b0\u1eddi nh\u00ecn ph\u01b0\u01a1ng xa<\/strong><\/p>\n<p align=\"center\"><strong>M\u00f2n m\u1ecfi trong ch\u1edd<\/strong><\/p>\n<p align=\"center\"><strong>N\u01b0\u1edbc m\u1eaft tu\u00f4n r\u01a1i<\/strong><\/p>\n<p align=\"center\"><strong>Nh\u1edb t\u1eebng \u0111\u1ee9a b\u00e9<\/strong><\/p>\n<p align=\"center\"><strong>Ng\u00e0y n\u00e0o quanh ch\u01a1i<\/strong><\/p>\n<p align=\"center\"><strong>Nay \u0111\u00e3 xa v\u1eddi<\/strong><\/p>\n<p align=\"center\"><strong>N\u01b0\u1edbc m\u1eaft tu\u00f4n r\u01a1i<\/strong><\/p>\n<p align=\"center\"><strong>\u00d0\u00eam n\u1eb1m th\u1ecf th\u1ebb<\/strong><\/p>\n<p align=\"center\"><strong>Th\u01b0\u01a1ng ch\u00fang \u1edf n\u01a1i<\/strong><\/p>\n<p align=\"center\"><strong>Ph\u01b0\u01a1ng xa <strong>v\u1eddi <\/strong>v\u1ee3i<br \/>\n<\/strong><\/p>\n<p align=\"center\"><strong>Ng\u1eadm ng\u00f9i chia ly<\/strong><\/p>\n<p align=\"center\"><strong>S\u1ea7u xa s\u00e2n nh\u00e0<\/strong><\/p>\n<p align=\"center\"><strong>Th\u1eddi gian tho\u1ea3ng qua<\/strong><\/p>\n<p align=\"center\"><strong>Th\u00e2m t\u00ecnh dang d\u1edf<\/strong><\/p>\n<p align=\"center\"><strong>N\u1eb7ng b\u01b0\u1edbc ra \u0111i<\/strong><\/p>\n<p align=\"center\"><strong>Mang nh\u1edb ngo\u1ea1i gi\u00e0<\/strong><\/p>\n<p align=\"center\"><strong>D\u00f9 \u1edf ph\u01b0\u01a1ng xa<\/strong><\/p>\n<p align=\"center\"><strong>V\u1eabn bi\u1ebft ng\u01b0\u1eddi ch\u1edd<\/strong><\/p>\n<p align=\"center\"><strong>Ch\u00fang con s\u1ebd v\u1ec1, ngo\u1ea1i \u01a1i ch\u00fang con s\u1ebd v\u1ec1<\/strong><\/p>\n<p align=\"center\"><strong>Ch\u00fang con s\u1ebd v\u1ec1 \u0111\u1ec3 nh\u00ecn l\u1ea1i qu\u00ea c\u0169 ng\u00e0y x\u01b0a<\/strong><\/p>\n<p align=\"center\"><strong>Ch\u00fang con s\u1ebd v\u1ec1 cho v\u01a1i \u0111i th\u01b0\u01a1ng nh\u1edb v\u00f4 ng\u1ea7n<\/strong><\/p>\n<p align=\"center\"><strong>Ch\u00fang con s\u1ebd v\u1ec1 \u0111\u1ec3 th\u1ef1c hi\u1ec7n l\u1eddi n\u00e0o \u0111\u00e3 h\u1ee9a<\/strong><\/p>\n<p align=\"center\"><strong>Ch\u00fang con s\u1ebd v\u1ec1 c\u00f9ng b\u00ean ng\u01b0\u1eddi qu\u1ea5n qu\u00fdt qu\u00e2y qu\u1ea7n<\/strong><\/p>\n<p align=\"center\"><strong>Ch\u00fang con s\u1ebd v\u1ec1 v\u00e0 ngo\u1ea1i \u01a1i ch\u00fang con s\u1ebd v\u1ec1<\/strong><\/p>\n<p align=\"center\"><strong>Ch\u00fang con s\u1ebd v\u1ec1 \u0111\u1ec3 vui \u0111\u01b0\u1ee3c nh\u00ecn ngo\u1ea1i c\u01b0\u1eddi vui t\u01b0\u01a1i<\/strong><\/p>\n","protected":false},"excerpt":{"rendered":"<p>T\u1eeb khi ra \u0111i V\u0129nh bi\u1ec7t qu\u00ea nh\u00e0 Nhi\u1ec1u n\u0103m \u0111\u00e3 qua Bao l\u1ea7n mai n\u1edf Khi ch\u00fang con \u0111i G\u00e2y nh\u1edb ngo\u1ea1i gi\u00e0 Ng\u01b0\u1eddi nh\u00ecn ph\u01b0\u01a1ng xa M\u00f2n m\u1ecfi trong ch\u1edd N\u01b0\u1edbc m\u1eaft tu\u00f4n r\u01a1i Nh\u1edb t\u1eebng \u0111\u1ee9a b\u00e9 Ng\u00e0y n\u00e0o quanh ch\u01a1i Nay \u0111\u00e3 xa v\u1eddi N\u01b0\u1edbc m\u1eaft tu\u00f4n r\u01a1i \u00d0\u00eam n\u1eb1m th\u1ecf [&hellip;]<\/p>\n","protected":false},"author":2,"featured_media":0,"parent":775,"menu_order":0,"comment_status":"closed","ping_status":"closed","template":"","meta":[],"_links":{"self":[{"href":"https:\/\/mamtre.fr\/index.php?rest_route=\/wp\/v2\/pages\/1299"}],"collection":[{"href":"https:\/\/mamtre.fr\/index.php?rest_route=\/wp\/v2\/pages"}],"about":[{"href":"https:\/\/mamtre.fr\/index.php?rest_route=\/wp\/v2\/types\/page"}],"author":[{"embeddable":true,"href":"https:\/\/mamtre.fr\/index.php?rest_route=\/wp\/v2\/users\/2"}],"replies":[{"embeddable":true,"href":"https:\/\/mamtre.fr\/index.php?rest_route=%2Fwp%2Fv2%2Fcomments&post=1299"}],"version-history":[{"count":13,"href":"https:\/\/mamtre.fr\/index.php?rest_route=\/wp\/v2\/pages\/1299\/revisions"}],"predecessor-version":[{"id":1418,"href":"https:\/\/mamtre.fr\/index.php?rest_route=\/wp\/v2\/pages\/1299\/revisions\/1418"}],"up":[{"embeddable":true,"href":"https:\/\/mamtre.fr\/index.php?rest_route=\/wp\/v2\/pages\/775"}],"wp:attachment":[{"href":"https:\/\/mamtre.fr\/index.php?rest_route=%2Fwp%2Fv2%2Fmedia&parent=1299"}],"curies":[{"name":"wp","href":"https:\/\/api.w.org\/{rel}","templated":true}]}}