{"id":839,"date":"2013-03-03T20:14:00","date_gmt":"2013-03-03T19:14:00","guid":{"rendered":"http:\/\/mamtre.fr\/?page_id=839"},"modified":"2022-12-29T00:10:31","modified_gmt":"2022-12-28T23:10:31","slug":"a-propos-de-lassociation","status":"publish","type":"page","link":"https:\/\/mamtre.fr\/?page_id=839","title":{"rendered":"A propos de l\u2019association &#8211; V\u1ec1 M\u1ea7m Tr\u1ebb"},"content":{"rendered":"\n<p>L&rsquo;association M\u1ea7m Tr\u1ebb s&rsquo;est constitu\u00e9e \u00e0 l&rsquo;initiative d&rsquo;un groupe de jeunes vietnamiens, d&rsquo;abord en tant que petit groupe d\u00e8s 2000, puis en tant qu&rsquo;association d\u00e9clar\u00e9e \u00e0 la Pr\u00e9fecture de Rennes depuis 2004, adoptant ainsi le statut d&rsquo;association Loi de 1901 \u00e0 but non lucratif.<\/p>\n\n\n\n<div class=\"is-layout-flex wp-container-3 wp-block-columns\">\n<div class=\"is-layout-flow wp-block-column\">\n<p><strong>Objet Culturel<\/strong><\/p>\n\n\n\n<p>Promouvoir la culture vietnamienne par le biais de :<\/p>\n\n\n\n<ul>\n<li>manifestations, organisations<\/li>\n\n\n\n<li>sorties<\/li>\n\n\n\n<li>f\u00eates traditionnelles<\/li>\n\n\n\n<li>activit\u00e9s artistiques<\/li>\n\n\n\n<li>activit\u00e9s sportives<\/li>\n\n\n\n<li>formations linguistiques<\/li>\n<\/ul>\n<\/div>\n\n\n\n<div class=\"is-layout-flow wp-block-column\">\n<p><strong>Objet <strong>Caritatif<\/strong><\/strong><\/p>\n\n\n\n<p>Une partie des exc\u00e9dents de l&rsquo;association est vers\u00e9e \u00e0 des organisations caritatives.<\/p>\n<\/div>\n<\/div>\n\n\n\n<div class=\"is-nowrap is-layout-flex wp-container-8 wp-block-group\">\n<div class=\"is-layout-flex wp-container-7 wp-block-columns\">\n<div class=\"is-layout-flow wp-block-column\" style=\"flex-basis:33.33%\">\n<p><strong>Activit\u00e9s afin de faire conna\u00eetre la culture vietnamienne :<\/strong><\/p>\n\n\n\n<ul>\n<li>le nouvel an vietnamien en janvier ou en f\u00e9vrier<\/li>\n\n\n\n<li>la f\u00eate de la lune \u00a0\u00bb la f\u00eate des enfants \u00a0\u00bb en septembre<\/li>\n\n\n\n<li>une \u00e9quipe de foot <\/li>\n\n\n\n<li>une classe pour apprendre le vietnamien <\/li>\n<\/ul>\n<\/div>\n\n\n\n<div class=\"is-layout-flow wp-block-column\"><\/div>\n\n\n\n<div class=\"is-layout-flow wp-block-column\" style=\"flex-basis:66.66%\">\n<p><strong>Ev\u00e9nements<\/strong><\/p>\n\n\n\n<ul>\n<li>Depuis Ao\u00fbt 2012, participation au festival des galettes du monde \u00e0 St Anne d&rsquo;Auray.<\/li>\n\n\n\n<li>Depuis 2011,&nbsp;M\u1ea7m Tr\u1ebb se produit dans des centres commerciaux, restaurants et les maisons de retraite&#8230; pour les inaugurations et f\u00eater le nouvel an vietnamien aussi bien que les diverses prestations en pr\u00e9sentant la danse de la Licorne et les danses traditionnelles.<\/li>\n\n\n\n<li>Septembre 2011 au foyer de Guy Houist \u00e0 Rennes, pr\u00e9sentation de la danse des enfants et de la &nbsp;Licorne pour la journ\u00e9e des portes ouvertes du foyer et la comm\u00e9moration de la 60\u00e8me ann\u00e9e de la convention Gen\u00e8ve du statut des r\u00e9fugi\u00e9s.<\/li>\n\n\n\n<li>Mai 2010 aux Champs Libres,&nbsp;M\u1ea7m Tr\u1ebb&nbsp;co-organise avec l&rsquo;association Centre Culturel Bouddhique un hommage aux Boat People.<\/li>\n\n\n\n<li>Septembre 2009&nbsp;&nbsp;M\u1ea7m Tr\u1ebb co-organise avec les associations de l&rsquo;asie du sud est pour la soir\u00e9e Inter-Associative Bretagne &#8211; Indochine.<\/li>\n<\/ul>\n<\/div>\n<\/div>\n<\/div>\n\n\n\n<p><strong>Perspectives<\/strong><\/p>\n\n\n\n<p>Les membres du bureau de&nbsp;M\u1ea7m Tr\u1ebb ont une r\u00e9elle volont\u00e9 d&rsquo;avoir les activit\u00e9s r\u00e9guli\u00e8res et de d\u00e9velopper leur association dans la vie associative rennaise. <\/p>\n\n\n\n<p>Par ailleurs, l&rsquo;association s&rsquo;est inscrite dans le paysage associatif, en lien avec :<\/p>\n\n\n\n<ul>\n<li><a rel=\"noreferrer noopener\" href=\"http:\/\/www.sports-rennes.com\/\" target=\"_blank\">l&rsquo;Office des Sports<\/a>, <\/li>\n\n\n\n<li><a rel=\"noreferrer noopener\" href=\"https:\/\/metropole.rennes.fr\/organisme\/union-des-associations-interculturelles-de-rennes-uair-250\" target=\"_blank\">l&rsquo;Union des associations interculturelles de Rennes<\/a>, <\/li>\n\n\n\n<li><a rel=\"noreferrer noopener\" href=\"https:\/\/www.ess-bretagne.org\/\" target=\"_blank\">la Chambre R\u00e9gionale de l&rsquo;\u00c9conomie sociale de Bretagne<\/a>, <\/li>\n\n\n\n<li><a rel=\"noreferrer noopener\" href=\"http:\/\/ccbrennes.wordpress.com\/\" target=\"_blank\">le Centre Culturel Bouddhique de Rennes<\/a> <\/li>\n\n\n\n<li><a rel=\"noreferrer noopener\" href=\"https:\/\/www.apras.org\/\" target=\"_blank\">l&rsquo;Association pour la Promotion de l&rsquo;Action et de l&rsquo;Animation Sociale<\/a>.<\/li>\n<\/ul>\n","protected":false},"excerpt":{"rendered":"<p>L&rsquo;association M\u1ea7m Tr\u1ebb s&rsquo;est constitu\u00e9e \u00e0 l&rsquo;initiative d&rsquo;un groupe de jeunes vietnamiens, d&rsquo;abord en tant que petit groupe d\u00e8s 2000, puis en tant qu&rsquo;association d\u00e9clar\u00e9e \u00e0 la Pr\u00e9fecture de Rennes depuis 2004, adoptant ainsi le statut d&rsquo;association Loi de 1901 \u00e0 but non lucratif. Objet Culturel Promouvoir la culture vietnamienne par le biais de : [&hellip;]<\/p>\n","protected":false},"author":1,"featured_media":0,"parent":2435,"menu_order":1,"comment_status":"closed","ping_status":"closed","template":"","meta":[],"_links":{"self":[{"href":"https:\/\/mamtre.fr\/index.php?rest_route=\/wp\/v2\/pages\/839"}],"collection":[{"href":"https:\/\/mamtre.fr\/index.php?rest_route=\/wp\/v2\/pages"}],"about":[{"href":"https:\/\/mamtre.fr\/index.php?rest_route=\/wp\/v2\/types\/page"}],"author":[{"embeddable":true,"href":"https:\/\/mamtre.fr\/index.php?rest_route=\/wp\/v2\/users\/1"}],"replies":[{"embeddable":true,"href":"https:\/\/mamtre.fr\/index.php?rest_route=%2Fwp%2Fv2%2Fcomments&post=839"}],"version-history":[{"count":10,"href":"https:\/\/mamtre.fr\/index.php?rest_route=\/wp\/v2\/pages\/839\/revisions"}],"predecessor-version":[{"id":2485,"href":"https:\/\/mamtre.fr\/index.php?rest_route=\/wp\/v2\/pages\/839\/revisions\/2485"}],"up":[{"embeddable":true,"href":"https:\/\/mamtre.fr\/index.php?rest_route=\/wp\/v2\/pages\/2435"}],"wp:attachment":[{"href":"https:\/\/mamtre.fr\/index.php?rest_route=%2Fwp%2Fv2%2Fmedia&parent=839"}],"curies":[{"name":"wp","href":"https:\/\/api.w.org\/{rel}","templated":true}]}}

A propos de l’association &#8211; Về Mầm Trẻ

<p>L&rsquo;association Mầm Trẻ s&rsquo;est constituée à l&rsquo;initiative d&rsquo;un groupe de jeunes vietnamiens, d&rsquo;abord en tant que petit groupe dès 2000, puis en tant qu&rsquo;association déclarée à la Préfecture de Rennes depuis 2004, adoptant ainsi le statut d&rsquo;association Loi de 1901 à but non lucratif.</p>



<div class="is-layout-flex wp-container-3 wp-block-columns">
<div class="is-layout-flow wp-block-column">
<p><strong>Objet Culturel</strong></p>



<p>Promouvoir la culture vietnamienne par le biais de :</p>



<ul>
<li>manifestations, organisations</li>



<li>sorties</li>



<li>fêtes traditionnelles</li>



<li>activités artistiques</li>



<li>activités sportives</li>



<li>formations linguistiques</li>
</ul>
</div>



<div class="is-layout-flow wp-block-column">
<p><strong>Objet <strong>Caritatif</strong></strong></p>



<p>Une partie des excédents de l&rsquo;association est versée à des organisations caritatives.</p>
</div>
</div>



<div class="is-nowrap is-layout-flex wp-container-8 wp-block-group">
<div class="is-layout-flex wp-container-7 wp-block-columns">
<div class="is-layout-flow wp-block-column" style="flex-basis:33.33%">
<p><strong>Activités afin de faire connaître la culture vietnamienne :</strong></p>



<ul>
<li>le nouvel an vietnamien en janvier ou en février</li>



<li>la fête de la lune  » la fête des enfants  » en septembre</li>



<li>une équipe de foot </li>



<li>une classe pour apprendre le vietnamien </li>
</ul>
</div>



<div class="is-layout-flow wp-block-column"></div>



<div class="is-layout-flow wp-block-column" style="flex-basis:66.66%">
<p><strong>Evénements</strong></p>



<ul>
<li>Depuis Août 2012, participation au festival des galettes du monde à St Anne d&rsquo;Auray.</li>



<li>Depuis 2011,&nbsp;Mầm Trẻ se produit dans des centres commerciaux, restaurants et les maisons de retraite&#8230; pour les inaugurations et fêter le nouvel an vietnamien aussi bien que les diverses prestations en présentant la danse de la Licorne et les danses traditionnelles.</li>



<li>Septembre 2011 au foyer de Guy Houist à Rennes, présentation de la danse des enfants et de la &nbsp;Licorne pour la journée des portes ouvertes du foyer et la commémoration de la 60ème année de la convention Genève du statut des réfugiés.</li>



<li>Mai 2010 aux Champs Libres,&nbsp;Mầm Trẻ&nbsp;co-organise avec l&rsquo;association Centre Culturel Bouddhique un hommage aux Boat People.</li>



<li>Septembre 2009&nbsp;&nbsp;Mầm Trẻ co-organise avec les associations de l&rsquo;asie du sud est pour la soirée Inter-Associative Bretagne &#8211; Indochine.</li>
</ul>
</div>
</div>
</div>



<p><strong>Perspectives</strong></p>



<p>Les membres du bureau de&nbsp;Mầm Trẻ ont une réelle volonté d&rsquo;avoir les activités régulières et de développer leur association dans la vie associative rennaise. </p>



<p>Par ailleurs, l&rsquo;association s&rsquo;est inscrite dans le paysage associatif, en lien avec :</p>



<ul>
<li><a rel="noreferrer noopener" href="http://www.sports-rennes.com/" target="_blank">l&rsquo;Office des Sports</a>, </li>



<li><a rel="noreferrer noopener" href="https://metropole.rennes.fr/organisme/union-des-associations-interculturelles-de-rennes-uair-250" target="_blank">l&rsquo;Union des associations interculturelles de Rennes</a>, </li>



<li><a rel="noreferrer noopener" href="https://www.ess-bretagne.org/" target="_blank">la Chambre Régionale de l&rsquo;Économie sociale de Bretagne</a>, </li>



<li><a rel="noreferrer noopener" href="http://ccbrennes.wordpress.com/" target="_blank">le Centre Culturel Bouddhique de Rennes</a> </li>



<li><a rel="noreferrer noopener" href="https://www.apras.org/" target="_blank">l&rsquo;Association pour la Promotion de l&rsquo;Action et de l&rsquo;Animation Sociale</a>.</li>
</ul>

<p>L&rsquo;association Mầm Trẻ s&rsquo;est constituée à l&rsquo;initiative d&rsquo;un groupe de jeunes vietnamiens, d&rsquo;abord en tant que petit groupe dès 2000, puis en tant qu&rsquo;association déclarée à la Préfecture de Rennes depuis 2004, adoptant ainsi le statut d&rsquo;association Loi de 1901 à but non lucratif. Objet Culturel Promouvoir la culture vietnamienne par le biais de : [&hellip;]</p>
